hat is the hundreds digit of -339*1/(-3)*j?
1
Suppose 5*u = -15*u - 1320. What is the tens digit of (-2 + u/(-18))*147?
4
Let d(l) = 164*l + 74. Let p be d(10). Suppose p = x - 4*t + 452, t - 6331 = -5*x. What is the units digit of x?
6
Suppose -30*c = -363398 + 240248 - 326580. What is the units digit of c?
1
Let h = 4913 + 57708. What is the ten thousands digit of h?
6
Let x(k) = 2*k**3 + 2*k**2 - 2*k - 2. Let m be x(-2). What is the hundreds digit of (m - (-66)/24)*-64?
2
Let k(l) = -l**3 - 16*l**2 + 22*l - 30. Let f be k(-19). Suppose f = x - 110. What is the units digit of x?
5
Suppose -4250 = -5*v + c + 11018, c + 9162 = 3*v. What is the thousands digit of v?
3
Let y(j) = 162*j**2 + 531*j - 40. What is the tens digit of y(-6)?
0
Let f(u) = 554*u**2 - 533*u + 5. What is the units digit of f(-5)?
0
Let q = -980 + 1331. Suppose 2*j - 2 + 0 = 5*o, 3*o - 18 = -2*j. What is the hundreds digit of ((-2)/j)/(0 + (-1)/q)?
1
Let n(l) = 17*l**2 - 23 - 7*l - 23 - 13. Let w be n(-5). Suppose h - 92 = -2*g + 12, w = 4*h + 3*g. What is the units digit of h?
8
Suppose -x + 3705 = 4*x + 3*y, 0 = -5*x + 3*y + 3705. Let m = -511 + x. What is the tens digit of m?
3
Let y = 188 - -14. Let h = y + 432. What is the tens digit of h?
3
Let l be 1/(36/(-44)) - (-2)/9. Let b be 3 + 5 + l - 1. Suppose -7 = b*x - 163. What is the units digit of x?
6
Let j(h) = -2 - 25*h**2 + 12*h**2 + 11 + h + h**3. Let w be j(13). What is the hundreds digit of -26*w/8*-2?
1
Suppose -2768 = -7797*t + 7789*t. What is the units digit of t?
6
Suppose 0 = -3*o - 2*g + 26, 4*o + 0*g - 53 = g. Let m = 27 + o. Let r = 139 - m. What is the hundreds digit of r?
1
Let o(v) = v**3 - 10*v**2 + 3*v - 25. Let n be o(10). Suppose n*a - 32 = a. What is the units digit of ((-60)/9)/(1 - a/6)?
0
Suppose 62*m + 81*m = 30*m + 4621361. What is the hundreds digit of m?
8
Suppose m - 115 = -2*o, 3*m + 3*o = -o + 345. Suppose -4*i + m - 14 = l, i = 5*l - 505. What is the tens digit of l?
0
Let x(g) = 45*g**2 + 2. Suppose -3*v + 2*l + 22 = 0, 4*v - 31 = 2*l + l. Suppose -5*u = -4*w - 5, u = -3*u - 2*w + v. What is the units digit of x(u)?
7
Suppose 45*j - 17*j - 11620 = 0. Let s = 1460 - j. What is the tens digit of s?
4
Let m(f) = 1302*f**2 + 73*f - 5. What is the ten thousands digit of m(-5)?
3
Suppose 1872*b = 1874*b + 206. Suppose s = -3*t - 1030, -2*s + s = -3*t - 1022. Let l = b - t. What is the hundreds digit of l?
2
Let u(k) = k**2 - 6*k - 1. Let f be u(8). Suppose 0 = f*z + 3*z + 4788. Let b = -159 - z. What is the units digit of b?
7
Suppose 3*b - 6514 = 4*v, -b + 2166 = 18*v - 22*v. Let h = -1521 + b. What is the units digit of h?
3
Let t = 1 + 3. Let x(p) = -24 - 1 + 9*p + t - 10. What is the units digit of x(9)?
0
Let g = 447 + 702. Suppose l - 368 = f - g, -5*f + 3865 = 3*l. What is the units digit of f?
6
Let j(n) = 2*n + 20. Let m be j(0). What is the units digit of m + 353 + (0/(-2))/(-1)?
3
Suppose 5*k + 5*s - 64810 = 60125, -24973 = -k - 3*s. What is the ten thousands digit of k?
2
Let y be ((-8)/16)/((-6)/21912). Suppose 1624 + y = 6*g. What is the tens digit of g?
7
Let f = 47895 + 7430. What is the units digit of f?
5
What is the tens digit of (-4813 + 258)/(-1 + 0)?
5
Let v(a) = 32*a - 544. Let k be v(17). Let y(w) = -w**3 + 4*w**2 - 4*w + 3. Let o be y(3). Suppose k = -o*m + 5*m - 715. What is the units digit of m?
3
Let w be (44/(-6) - 1)*(1 + 2). Let l = 370 - w. What is the tens digit of l?
9
Let i(a) = -508*a - 5644. What is the ten thousands digit of i(-46)?
1
Let b(o) = 123*o + 4907. What is the tens digit of b(18)?
2
Suppose 4*w + 5430 = 7*w. Suppose x - 389 = 5*f - 10*f, -5*x + w = -2*f. Suppose -208 - x = -4*z. What is the tens digit of z?
4
Let s = 265 + -300. What is the units digit of 14/s - 214/(-10)?
1
Suppose 2*k - 68586 = -l, -183091 = -6*k - 2*l + 22669. What is the units digit of k?
4
Let n = 1524 - 936. Suppose -14*t + n = -10*t. What is the hundreds digit of t?
1
Let h(r) = 2*r + 13. Let o be h(-4). Suppose -z = o*x - 120 + 3, -105 = -z - x. What is the tens digit of z?
0
Suppose i - 73 = -b, b - 47 = 2*i + 35. Let k = -73 + b. Suppose 4*r - 161 = k*r. What is the tens digit of r?
6
Let b = -1 - -1. Let d(g) be the third derivative of -5*g**4/24 + 37*g**3/2 + 348*g**2 - 4*g. What is the tens digit of d(b)?
1
Let f(w) = w + 10. Let d be f(-7). Let s = 1872 - 1869. Suppose 16 = s*o - t - 98, o = d*t + 38. What is the units digit of o?
8
Let a(u) = u**2 - u - 1. Let g be a(-1). Let c(d) = 6*d**3 - 2*d**2 + 3*d - 2. Let p be c(g). Suppose 2*q - p*q = -165. What is the tens digit of q?
5
Let s(j) = 5*j**2 + 8*j + 22. Let g be s(-10). Let z = g - 117. Let p = z + -123. What is the tens digit of p?
0
Let s = -105 - -8547. What is the units digit of s?
2
Let j(u) = 72*u - 5 - 7*u**2 + 6 - 13 + 3*u**2. What is the units digit of j(17)?
6
Let w(j) = -j**3 - 5*j**2 + 6*j - 6. Let u be w(-6). Let k be 1 + -1 - (u + 6). Suppose -5*f + 3*f + 248 = k. What is the tens digit of f?
2
Let s = 24228 - 15439. What is the thousands digit of s?
8
Suppose -2*n + 2440 - 7983 = -41747. What is the ten thousands digit of n?
1
Suppose -4*p = -2*g - 18, p - 25 = 2*g - 7. Let r(q) = -q**3 - 3*q**2 - 12*q - 5. What is the units digit of r(g)?
9
Let d(h) = 12*h**2 + 24 + 30 - 7*h - 61 - 11*h**2. Suppose k + 16 = 3*s, -5*k - 24 = -0*k - s. What is the tens digit of d(k)?
3
What is the hundreds digit of (330/55)/(2 + 12912/(-6459))?
4
Let f(m) = 17*m**2 - 3*m - 4. Let n be f(-1). Suppose -21*y - n = -19*y. What is the tens digit of (28/y - 0)*-14?
4
Let p(w) be the second derivative of -w**6/360 - w**5/24 - w**4 + w. Let l(z) be the third derivative of p(z). What is the tens digit of l(-8)?
1
Suppose g - 17965 = 2*p - 131697, -p = -3*g - 56871. What is the tens digit of p?
6
Let t = -189 + 139. What is the tens digit of (-18)/(-15) - 19690/t?
9
Let g(s) = -s**3 - 17*s**2 - 17*s + 13. Let d be g(-16). Suppose 19*l + 14160 = d*l. What is the tens digit of l?
1
Suppose n - 2*y - 212 = 2*n, -2*y - 424 = 2*n. Let v = n + 704. What is the hundreds digit of v?
4
Let r = 250 + -249. What is the hundreds digit of -2 - (r - -1) - 2100/(-2)?
0
What is the tens digit of ((-2)/(18/(-381)))/(105/22365)?
1
Suppose 0 = 5*b - 2*q + 2, -b - 5 = -5*q - 0. Suppose -44 - 43 = -9*y - 60. Suppose 20*p - y*p - 901 = b. What is the units digit of p?
3
Let m = 121 + -71. Suppose -7*c + m = 3*c. Suppose c*d - 374 = -6*d. What is the tens digit of d?
3
Let k(m) = 2*m**2 - 4*m + 4. Let z be k(2). Suppose -l + 40 = 3*n, 0 = -l - l - z. Suppose n*r = 6*r + 1224. What is the hundreds digit of r?
1
Let v = -12373 + 17743. What is the units digit of v?
0
Let s be (-116 + -4)*8/5. Let k = 395 + s. What is the hundreds digit of k?
2
Let u = 11296 - -17022. What is the thousands digit of u?
8
Let i be (-2)/3*(-138)/4. Let b be i + (-2)/(-3)*(7 + -4). Suppose -5*k = b, -3*l + 4*k + 161 = -66. What is the tens digit of l?
6
Let h(q) be the first derivative of 7*q**2/2 - 6*q - 14. Suppose 2 = -3*z + 41. What is the units digit of h(z)?
5
Let x(v) = 3342*v + 20. Let a be x(3). Suppose a = 9*d + 2522. Suppose 5*l + d = 3*p, 1136 = 4*p + 2*l + 2*l. What is the tens digit of p?
8
Let n be 520/(-78) - (-2)/3. Let r be 2/(-6) + (-26)/3. What is the tens digit of (-532)/n - (-6)/r?
8
Suppose 822*t + 6000 = 838*t. What is the hundreds digit of t?
3
Suppose -7*f = -2*f - 2*j - 3145, -f + 2*j + 637 = 0. Suppose -2*s + f = -o, s = -0*s - 2*o + 311. What is the hundreds digit of s?
3
Let v = -2 - -5. Suppose 0*h = -4*y + 4*h - 280, -h + 218 = -v*y. What is the units digit of (-7 + y/(-10))/(1/365)?
6
Let w = 403 + 46. Suppose -m - 3*m = -h - 108, 4*h + w = -m. Let y = -75 - h. What is the tens digit of y?
3
Suppose -5*n + 4*d - 1614 = -7*n, 5*n + 2*d - 4027 = 0. Let a = -256 + n. What is the tens digit of a?
4
Let h(y) be the first derivative of -11/2*y**2 + 8*y + 1. What is the units digit of h(0)?
8
Suppose 253 + 1695 = 4*s. Let b = s - 347. What is the tens digit of b?
4
Let g be (-6)/(-4)*112/(-21). Let x be (28/16)/(-7) - (-6)/g. What is the tens digit of ((-5)/(-5) - -159) + x + 1?
6
Let w = -12 + 16. Let i be (27/(-3) + 1)*(-2)/w. Suppose 0 = -5*n + 2*y - y + 266, 3*n + i*y - 155 = 0. What is the units digit of n?
3
Let l(u) = 353*u**2 